{"id":1407,"date":"2020-04-30T14:30:34","date_gmt":"2020-04-30T12:30:34","guid":{"rendered":"https:\/\/www.djk-werden.de\/handball\/?page_id=1407"},"modified":"2025-08-01T16:51:01","modified_gmt":"2025-08-01T14:51:01","slug":"mitgliedschaft","status":"publish","type":"page","link":"https:\/\/www.djk-werden.de\/handball\/mitgliedschaft\/","title":{"rendered":"Vereinsmitgliedschaft"},"content":{"rendered":"\n<p>Die Halbjahresbeitr\u00e4ge der Handballabteilung betragen:<\/p>\n\n\n\n<figure class=\"wp-block-table customization-table is-style-stripes\"><table><thead><tr><th class=\"has-text-align-left\" data-align=\"left\">Mitgliedsart<\/th><th class=\"has-text-align-left\" data-align=\"left\">Betrag<\/th><\/tr><\/thead><tbody><tr><td class=\"has-text-align-left\" data-align=\"left\">Kinder (F-Jugend)<\/td><td class=\"has-text-align-left\" data-align=\"left\">60 \u20ac<\/td><\/tr><tr><td class=\"has-text-align-left\" data-align=\"left\">Kinder &amp; Jugendliche (E- bis A-Jugend)<\/td><td class=\"has-text-align-left\" data-align=\"left\">75 \u20ac<\/td><\/tr><tr><td class=\"has-text-align-left\" data-align=\"left\">Geschwisterkind<\/td><td class=\"has-text-align-left\" data-align=\"left\">50 \u20ac<\/td><\/tr><tr><td class=\"has-text-align-left\" data-align=\"left\">Familien<\/td><td class=\"has-text-align-left\" data-align=\"left\">140 \u20ac<\/td><\/tr><tr><td class=\"has-text-align-left\" data-align=\"left\">Studierende, Azubis &amp; FSJ (Herren)<\/td><td class=\"has-text-align-left\" data-align=\"left\">85 \u20ac<\/td><\/tr><tr><td class=\"has-text-align-left\" data-align=\"left\">Senioren (Herren)<\/td><td class=\"has-text-align-left\" data-align=\"left\">110 \u20ac<\/td><\/tr><tr><td class=\"has-text-align-left\" data-align=\"left\">Senioren (Damen)<\/td><td class=\"has-text-align-left\" data-align=\"left\">80 \u20ac<\/td><\/tr><tr><td class=\"has-text-align-left\" data-align=\"left\">Passives Mitglied<\/td><td class=\"has-text-align-left\" data-align=\"left\">25 \u20ac<\/td><\/tr><\/tbody><\/table><\/figure>\n\n\n\n<div style=\"height:15px\" aria-hidden=\"true\" class=\"wp-block-spacer\"><\/div>\n\n\n\n<p><strong>Download-Link: <a href=\"\/handball\/wp-content\/uploads\/formulare\/DJK_GWW_Handball_Beitrittserklaerung_Rev2025a.pdf\" target=\"_blank\" rel=\"noreferrer noopener\">Beitrittserkl\u00e4rung f\u00fcr die Handballabteilung<\/a> <\/strong><\/p>\n\n\n\n<p>Wir weisen dich darauf hin, dass die Mitgliedschaft nur zum 30.06. oder 31.12. eines Kalenderjahres gek\u00fcndigt werden kann. Die K\u00fcndigungsfrist betr\u00e4gt zwei Wochen!<\/p>\n\n\n\n<div style=\"height:35px\" aria-hidden=\"true\" class=\"wp-block-spacer\"><\/div>\n\n\n\n<h3 class=\"wp-block-heading has-accent-color has-text-color\">Spielberechtigung beantragen<\/h3>\n\n\n\n<p>Die Antr\u00e4ge auf Spielberechtigung f\u00fcr neue Spielerp\u00e4sse oder nach einem Vereinswechsel findet ihr in der aktuellsten Version auf der <a href=\"https:\/\/www.handball-nordrhein.de\/seite\/642383\/passstelle-antr%C3%A4ge.html\" target=\"_blank\" rel=\"noreferrer noopener\">Homepage des Handball-Nordrhein e.V.<\/a> zum Download.<\/p>\n","protected":false},"excerpt":{"rendered":"<p>Die Halbjahresbeitr\u00e4ge der Handballabteilung betragen: Mitgliedsart Betrag Kinder (F-Jugend) 60 \u20ac Kinder &amp; Jugendliche (E- bis A-Jugend) 75 \u20ac Geschwisterkind 50 \u20ac Familien 140 \u20ac &hellip; <\/p>\n","protected":false},"author":1,"featured_media":0,"parent":0,"menu_order":0,"comment_status":"closed","ping_status":"closed","template":"","meta":{"footnotes":""},"class_list":["post-1407","page","type-page","status-publish","hentry"],"yoast_head":"<!-- This site is optimized with the Yoast SEO plugin v27.2 - https:\/\/yoast.com\/product\/yoast-seo-wordpress\/ -->\n<title>Vereinsmitgliedschaft - Handball - DJK Gr\u00fcn-Wei\u00df Essen-Werden\/Heidhausen e. V.<\/title>\n<meta name=\"robots\" content=\"index, follow, max-snippet:-1, max-image-preview:large, max-video-preview:-1\" \/>\n<link rel=\"canonical\" href=\"https:\/\/www.djk-werden.de\/handball\/mitgliedschaft\/\" \/>\n<meta property=\"og:locale\" content=\"de_DE\" \/>\n<meta property=\"og:type\" content=\"article\" \/>\n<meta property=\"og:title\" content=\"Vereinsmitgliedschaft - Handball - DJK Gr\u00fcn-Wei\u00df Essen-Werden\/Heidhausen e. V.\" \/>\n<meta property=\"og:description\" content=\"Die Halbjahresbeitr\u00e4ge der Handballabteilung betragen: Mitgliedsart Betrag Kinder (F-Jugend) 60 \u20ac Kinder &amp; Jugendliche (E- bis A-Jugend) 75 \u20ac Geschwisterkind 50 \u20ac Familien 140 \u20ac &hellip;\" \/>\n<meta property=\"og:url\" content=\"https:\/\/www.djk-werden.de\/handball\/mitgliedschaft\/\" \/>\n<meta property=\"og:site_name\" content=\"Handball - DJK Gr\u00fcn-Wei\u00df Essen-Werden\/Heidhausen e. V.\" \/>\n<meta property=\"article:publisher\" content=\"https:\/\/www.facebook.com\/djkwerden\" \/>\n<meta property=\"article:modified_time\" content=\"2025-08-01T14:51:01+00:00\" \/>\n<meta name=\"twitter:card\" content=\"summary_large_image\" \/>\n<meta name=\"twitter:label1\" content=\"Gesch\u00e4tzte Lesezeit\" \/>\n\t<meta name=\"twitter:data1\" content=\"1\u00a0Minute\" \/>\n<script type=\"application\/ld+json\" class=\"yoast-schema-graph\">{\"@context\":\"https:\/\/schema.org\",\"@graph\":[{\"@type\":\"WebPage\",\"@id\":\"https:\/\/www.djk-werden.de\/handball\/mitgliedschaft\/\",\"url\":\"https:\/\/www.djk-werden.de\/handball\/mitgliedschaft\/\",\"name\":\"Vereinsmitgliedschaft - Handball - DJK Gr\u00fcn-Wei\u00df Essen-Werden\/Heidhausen e. V.\",\"isPartOf\":{\"@id\":\"https:\/\/www.djk-werden.de\/handball\/#website\"},\"datePublished\":\"2020-04-30T12:30:34+00:00\",\"dateModified\":\"2025-08-01T14:51:01+00:00\",\"breadcrumb\":{\"@id\":\"https:\/\/www.djk-werden.de\/handball\/mitgliedschaft\/#breadcrumb\"},\"inLanguage\":\"de\",\"potentialAction\":[{\"@type\":\"ReadAction\",\"target\":[\"https:\/\/www.djk-werden.de\/handball\/mitgliedschaft\/\"]}]},{\"@type\":\"BreadcrumbList\",\"@id\":\"https:\/\/www.djk-werden.de\/handball\/mitgliedschaft\/#breadcrumb\",\"itemListElement\":[{\"@type\":\"ListItem\",\"position\":1,\"name\":\"Startseite\",\"item\":\"https:\/\/www.djk-werden.de\/handball\/\"},{\"@type\":\"ListItem\",\"position\":2,\"name\":\"Vereinsmitgliedschaft\"}]},{\"@type\":\"WebSite\",\"@id\":\"https:\/\/www.djk-werden.de\/handball\/#website\",\"url\":\"https:\/\/www.djk-werden.de\/handball\/\",\"name\":\"Handball - DJK Gr\u00fcn-Wei\u00df Essen-Werden\/Heidhausen e. V.\",\"description\":\"\",\"publisher\":{\"@id\":\"https:\/\/www.djk-werden.de\/handball\/#organization\"},\"potentialAction\":[{\"@type\":\"SearchAction\",\"target\":{\"@type\":\"EntryPoint\",\"urlTemplate\":\"https:\/\/www.djk-werden.de\/handball\/?s={search_term_string}\"},\"query-input\":{\"@type\":\"PropertyValueSpecification\",\"valueRequired\":true,\"valueName\":\"search_term_string\"}}],\"inLanguage\":\"de\"},{\"@type\":\"Organization\",\"@id\":\"https:\/\/www.djk-werden.de\/handball\/#organization\",\"name\":\"Handball - DJK Gr\u00fcn-Wei\u00df Essen-Werden\/Heidhausen e. V.\",\"url\":\"https:\/\/www.djk-werden.de\/handball\/\",\"logo\":{\"@type\":\"ImageObject\",\"inLanguage\":\"de\",\"@id\":\"https:\/\/www.djk-werden.de\/handball\/#\/schema\/logo\/image\/\",\"url\":\"https:\/\/www.djk-werden.de\/handball\/wp-content\/uploads\/2021\/05\/header_2021.png\",\"contentUrl\":\"https:\/\/www.djk-werden.de\/handball\/wp-content\/uploads\/2021\/05\/header_2021.png\",\"width\":1214,\"height\":171,\"caption\":\"Handball - DJK Gr\u00fcn-Wei\u00df Essen-Werden\/Heidhausen e. V.\"},\"image\":{\"@id\":\"https:\/\/www.djk-werden.de\/handball\/#\/schema\/logo\/image\/\"},\"sameAs\":[\"https:\/\/www.facebook.com\/djkwerden\"]}]}<\/script>\n<!-- \/ Yoast SEO plugin. -->","yoast_head_json":{"title":"Vereinsmitgliedschaft - Handball - DJK Gr\u00fcn-Wei\u00df Essen-Werden\/Heidhausen e. V.","robots":{"index":"index","follow":"follow","max-snippet":"max-snippet:-1","max-image-preview":"max-image-preview:large","max-video-preview":"max-video-preview:-1"},"canonical":"https:\/\/www.djk-werden.de\/handball\/mitgliedschaft\/","og_locale":"de_DE","og_type":"article","og_title":"Vereinsmitgliedschaft - Handball - DJK Gr\u00fcn-Wei\u00df Essen-Werden\/Heidhausen e. V.","og_description":"Die Halbjahresbeitr\u00e4ge der Handballabteilung betragen: Mitgliedsart Betrag Kinder (F-Jugend) 60 \u20ac Kinder &amp; Jugendliche (E- bis A-Jugend) 75 \u20ac Geschwisterkind 50 \u20ac Familien 140 \u20ac &hellip;","og_url":"https:\/\/www.djk-werden.de\/handball\/mitgliedschaft\/","og_site_name":"Handball - DJK Gr\u00fcn-Wei\u00df Essen-Werden\/Heidhausen e. V.","article_publisher":"https:\/\/www.facebook.com\/djkwerden","article_modified_time":"2025-08-01T14:51:01+00:00","twitter_card":"summary_large_image","twitter_misc":{"Gesch\u00e4tzte Lesezeit":"1\u00a0Minute"},"schema":{"@context":"https:\/\/schema.org","@graph":[{"@type":"WebPage","@id":"https:\/\/www.djk-werden.de\/handball\/mitgliedschaft\/","url":"https:\/\/www.djk-werden.de\/handball\/mitgliedschaft\/","name":"Vereinsmitgliedschaft - Handball - DJK Gr\u00fcn-Wei\u00df Essen-Werden\/Heidhausen e. V.","isPartOf":{"@id":"https:\/\/www.djk-werden.de\/handball\/#website"},"datePublished":"2020-04-30T12:30:34+00:00","dateModified":"2025-08-01T14:51:01+00:00","breadcrumb":{"@id":"https:\/\/www.djk-werden.de\/handball\/mitgliedschaft\/#breadcrumb"},"inLanguage":"de","potentialAction":[{"@type":"ReadAction","target":["https:\/\/www.djk-werden.de\/handball\/mitgliedschaft\/"]}]},{"@type":"BreadcrumbList","@id":"https:\/\/www.djk-werden.de\/handball\/mitgliedschaft\/#breadcrumb","itemListElement":[{"@type":"ListItem","position":1,"name":"Startseite","item":"https:\/\/www.djk-werden.de\/handball\/"},{"@type":"ListItem","position":2,"name":"Vereinsmitgliedschaft"}]},{"@type":"WebSite","@id":"https:\/\/www.djk-werden.de\/handball\/#website","url":"https:\/\/www.djk-werden.de\/handball\/","name":"Handball - DJK Gr\u00fcn-Wei\u00df Essen-Werden\/Heidhausen e. V.","description":"","publisher":{"@id":"https:\/\/www.djk-werden.de\/handball\/#organization"},"potentialAction":[{"@type":"SearchAction","target":{"@type":"EntryPoint","urlTemplate":"https:\/\/www.djk-werden.de\/handball\/?s={search_term_string}"},"query-input":{"@type":"PropertyValueSpecification","valueRequired":true,"valueName":"search_term_string"}}],"inLanguage":"de"},{"@type":"Organization","@id":"https:\/\/www.djk-werden.de\/handball\/#organization","name":"Handball - DJK Gr\u00fcn-Wei\u00df Essen-Werden\/Heidhausen e. V.","url":"https:\/\/www.djk-werden.de\/handball\/","logo":{"@type":"ImageObject","inLanguage":"de","@id":"https:\/\/www.djk-werden.de\/handball\/#\/schema\/logo\/image\/","url":"https:\/\/www.djk-werden.de\/handball\/wp-content\/uploads\/2021\/05\/header_2021.png","contentUrl":"https:\/\/www.djk-werden.de\/handball\/wp-content\/uploads\/2021\/05\/header_2021.png","width":1214,"height":171,"caption":"Handball - DJK Gr\u00fcn-Wei\u00df Essen-Werden\/Heidhausen e. V."},"image":{"@id":"https:\/\/www.djk-werden.de\/handball\/#\/schema\/logo\/image\/"},"sameAs":["https:\/\/www.facebook.com\/djkwerden"]}]}},"_links":{"self":[{"href":"https:\/\/www.djk-werden.de\/handball\/wp-json\/wp\/v2\/pages\/1407","targetHints":{"allow":["GET"]}}],"collection":[{"href":"https:\/\/www.djk-werden.de\/handball\/wp-json\/wp\/v2\/pages"}],"about":[{"href":"https:\/\/www.djk-werden.de\/handball\/wp-json\/wp\/v2\/types\/page"}],"author":[{"embeddable":true,"href":"https:\/\/www.djk-werden.de\/handball\/wp-json\/wp\/v2\/users\/1"}],"replies":[{"embeddable":true,"href":"https:\/\/www.djk-werden.de\/handball\/wp-json\/wp\/v2\/comments?post=1407"}],"version-history":[{"count":4,"href":"https:\/\/www.djk-werden.de\/handball\/wp-json\/wp\/v2\/pages\/1407\/revisions"}],"predecessor-version":[{"id":38312,"href":"https:\/\/www.djk-werden.de\/handball\/wp-json\/wp\/v2\/pages\/1407\/revisions\/38312"}],"wp:attachment":[{"href":"https:\/\/www.djk-werden.de\/handball\/wp-json\/wp\/v2\/media?parent=1407"}],"curies":[{"name":"wp","href":"https:\/\/api.w.org\/{rel}","templated":true}]}}